{"id":40,"date":"2020-11-15T21:14:19","date_gmt":"2020-11-15T20:14:19","guid":{"rendered":"https:\/\/fellowshipforfuture.org\/?page_id=40"},"modified":"2021-02-15T12:13:53","modified_gmt":"2021-02-15T11:13:53","slug":"ueber-uns","status":"publish","type":"page","link":"https:\/\/fellowshipforfuture.org\/index.php\/ueber-uns\/","title":{"rendered":"\u00dcber uns"},"content":{"rendered":"\n<figure class=\"wp-block-image size-large\"><img loading=\"lazy\" width=\"960\" height=\"640\" src=\"https:\/\/fellowshipforfuture.org\/wp-content\/uploads\/2020\/11\/Bild-Vorstand.jpg\" alt=\"\" class=\"wp-image-21\" srcset=\"https:\/\/fellowshipforfuture.org\/wp-content\/uploads\/2020\/11\/Bild-Vorstand.jpg 960w, https:\/\/fellowshipforfuture.org\/wp-content\/uploads\/2020\/11\/Bild-Vorstand-300x200.jpg 300w, https:\/\/fellowshipforfuture.org\/wp-content\/uploads\/2020\/11\/Bild-Vorstand-768x512.jpg 768w\" sizes=\"(max-width: 706px) 89vw, (max-width: 767px) 82vw, 740px\" \/><figcaption>Das ist der Vostand von Fellowship for Future e.V. \nVon links: Schatzmeister Cornelius Runtsch, 1. Vorsitzender Benedikt Margraf, Schriftf\u00fchrerin Vivian Wolffram, 2. Vorsitzende Alina Kierek\n\nFoto: Laure Estival<\/figcaption><\/figure>\n\n\n\n<p>Als ehemalige Freiwillige, die in Kolumbien in der NGO Fundaci\u00f3n Formaci\u00f3n d\u2019Futuros (FFF) gearbeitet haben, sind wir sensibilisiert f\u00fcr die Thematik und uns liegt die Situation kolumbianischer Careleaver ganz besonders am Herzen. <\/p>\n\n\n\n<p>Ziel und Aufgabe des im November 2017 gegr\u00fcndeten Vereins Fellowship for Future e.V. ist es, in Deutschland und Europa auf das globale Ph\u00e4nomen aufmerksam zu machen, und vor allem in Kolumbien Projekte zu unterst\u00fctzen, die sich der Problematik annehmen. <\/p>\n\n\n\n<p>In Europa konzentrieren wir uns auf Bildungs- und \u00d6ffentlichkeitsarbeit, um ein dichtes Netz an ideellen und finanziellen Unterst\u00fctzer*innen zu schaffen. Gesammelte Spenden werden zur Kooperation und Unterst\u00fctzung von NGOs in Kolumbien verwendet, die Careleaver in ihrer Entwicklung begleiten und empowern. <\/p>\n\n\n\n<p>Da wir \u00fcber Jahre hinweg selbst in der FFF gearbeitet haben und weiterhin einen professionellen und pers\u00f6nlichen Kontakt als Mitglieder der Generalversammlung pflegen, sind wir uns einer zweckgebundenen Verwendung der Spenden im Sinne unserer Vereinsphilosophie gewiss.<\/p>\n\n\n\n<p>Wenn Ihr euch weiter zu Zweck und Organisation von Fellowship for Future e.V. informieren m\u00f6chtet, k\u00f6nnt ihr hier die <\/p>\n\n\n\n<div class=\"wp-block-file\"><a href=\"https:\/\/fellowshipforfuture.org\/wp-content\/uploads\/2021\/02\/Satzung__FellowshipforFuture_.pdf\" class=\"wp-block-file__button\" download>Satzung herunterladen<\/a><\/div>\n\n\n\n<p><\/p>\n","protected":false},"excerpt":{"rendered":"<p>Als ehemalige Freiwillige, die in Kolumbien in der NGO Fundaci\u00f3n Formaci\u00f3n d\u2019Futuros (FFF) gearbeitet haben, sind wir sensibilisiert f\u00fcr die Thematik und uns liegt die Situation kolumbianischer Careleaver ganz besonders am Herzen. Ziel und Aufgabe des im November 2017 gegr\u00fcndeten Vereins Fellowship for Future e.V. ist es, in Deutschland und Europa auf das globale Ph\u00e4nomen &hellip; <\/p>\n<p class=\"link-more\"><a href=\"https:\/\/fellowshipforfuture.org\/index.php\/ueber-uns\/\" class=\"more-link\"><span class=\"screen-reader-text\">\u201e\u00dcber uns\u201c<\/span> weiterlesen<\/a><\/p>\n","protected":false},"author":1,"featured_media":0,"parent":0,"menu_order":0,"comment_status":"closed","ping_status":"closed","template":"","meta":[],"_links":{"self":[{"href":"https:\/\/fellowshipforfuture.org\/index.php\/wp-json\/wp\/v2\/pages\/40"}],"collection":[{"href":"https:\/\/fellowshipforfuture.org\/index.php\/wp-json\/wp\/v2\/pages"}],"about":[{"href":"https:\/\/fellowshipforfuture.org\/index.php\/wp-json\/wp\/v2\/types\/page"}],"author":[{"embeddable":true,"href":"https:\/\/fellowshipforfuture.org\/index.php\/wp-json\/wp\/v2\/users\/1"}],"replies":[{"embeddable":true,"href":"https:\/\/fellowshipforfuture.org\/index.php\/wp-json\/wp\/v2\/comments?post=40"}],"version-history":[{"count":6,"href":"https:\/\/fellowshipforfuture.org\/index.php\/wp-json\/wp\/v2\/pages\/40\/revisions"}],"predecessor-version":[{"id":198,"href":"https:\/\/fellowshipforfuture.org\/index.php\/wp-json\/wp\/v2\/pages\/40\/revisions\/198"}],"wp:attachment":[{"href":"https:\/\/fellowshipforfuture.org\/index.php\/wp-json\/wp\/v2\/media?parent=40"}],"curies":[{"name":"wp","href":"https:\/\/api.w.org\/{rel}","templated":true}]}}