{"id":43,"date":"2020-11-15T21:14:20","date_gmt":"2020-11-15T20:14:20","guid":{"rendered":"https:\/\/fellowshipforfuture.org\/?page_id=43"},"modified":"2020-12-12T18:19:48","modified_gmt":"2020-12-12T17:19:48","slug":"unsere-partnerorganisationen","status":"publish","type":"page","link":"https:\/\/fellowshipforfuture.org\/index.php\/unsere-partnerorganisationen\/","title":{"rendered":"Unsere Partnerorganisationen"},"content":{"rendered":"\n<figure class=\"wp-block-gallery columns-2 is-cropped\"><ul class=\"blocks-gallery-grid\"><li class=\"blocks-gallery-item\"><figure><img loading=\"lazy\" width=\"960\" height=\"960\" src=\"https:\/\/fellowshipforfuture.org\/wp-content\/uploads\/2020\/11\/Logo-ASCEP.png\" alt=\"\" data-id=\"28\" data-full-url=\"https:\/\/fellowshipforfuture.org\/wp-content\/uploads\/2020\/11\/Logo-ASCEP.png\" data-link=\"https:\/\/fellowshipforfuture.org\/logo-ascep\/\" class=\"wp-image-28\" srcset=\"https:\/\/fellowshipforfuture.org\/wp-content\/uploads\/2020\/11\/Logo-ASCEP.png 960w, https:\/\/fellowshipforfuture.org\/wp-content\/uploads\/2020\/11\/Logo-ASCEP-300x300.png 300w, https:\/\/fellowshipforfuture.org\/wp-content\/uploads\/2020\/11\/Logo-ASCEP-150x150.png 150w, https:\/\/fellowshipforfuture.org\/wp-content\/uploads\/2020\/11\/Logo-ASCEP-768x768.png 768w, https:\/\/fellowshipforfuture.org\/wp-content\/uploads\/2020\/11\/Logo-ASCEP-100x100.png 100w\" sizes=\"(max-width: 706px) 89vw, (max-width: 767px) 82vw, 740px\" \/><figcaption class=\"blocks-gallery-item__caption\"><a href=\"https:\/\/www.ascep.org\/\" target=\"_blank\" rel=\"noreferrer noopener\">ASCEP<\/a><\/figcaption><\/figure><\/li><li class=\"blocks-gallery-item\"><figure><img loading=\"lazy\" width=\"960\" height=\"960\" src=\"https:\/\/fellowshipforfuture.org\/wp-content\/uploads\/2020\/11\/Logo-FFF.jpg\" alt=\"\" data-id=\"27\" data-full-url=\"https:\/\/fellowshipforfuture.org\/wp-content\/uploads\/2020\/11\/Logo-FFF.jpg\" data-link=\"https:\/\/fellowshipforfuture.org\/logo-fff\/\" class=\"wp-image-27\" srcset=\"https:\/\/fellowshipforfuture.org\/wp-content\/uploads\/2020\/11\/Logo-FFF.jpg 960w, https:\/\/fellowshipforfuture.org\/wp-content\/uploads\/2020\/11\/Logo-FFF-300x300.jpg 300w, https:\/\/fellowshipforfuture.org\/wp-content\/uploads\/2020\/11\/Logo-FFF-150x150.jpg 150w, https:\/\/fellowshipforfuture.org\/wp-content\/uploads\/2020\/11\/Logo-FFF-768x768.jpg 768w, https:\/\/fellowshipforfuture.org\/wp-content\/uploads\/2020\/11\/Logo-FFF-100x100.jpg 100w\" sizes=\"(max-width: 706px) 89vw, (max-width: 767px) 82vw, 740px\" \/><figcaption class=\"blocks-gallery-item__caption\"><a href=\"https:\/\/www.fffcali.org\/\" data-type=\"URL\" data-id=\"https:\/\/www.fffcali.org\/\" target=\"_blank\" rel=\"noreferrer noopener\">Fundaci\u00f3n Formaci\u00f3n d&#8217;Futuros<\/a><\/figcaption><\/figure><\/li><\/ul><\/figure>\n\n\n\n<h2>Die Fundaci\u00f3n Formaci\u00f3n d&#8217;Futuros<\/h2>\n\n\n\n<p>Unsere Partnerorganisation in Kolumbien ist die <a href=\"https:\/\/www.facebook.com\/fundacionformaciondfuturos\/?__cft__[0]=AZVS7l6PPVB25gRJ4usOl61HCvHiASni9OK9Pdk7_aJWf1IJYlxmjiqJlpX5kb5db667obWXdX6969ztjxMr9nxeg6MYk6Egiv-Y3V2HBwJHyk5mlizwLUwD8-RsSgDKJxXQMPfO86FBK-LVl4Sywcnc&amp;__tn__=kK-R\">Fundaci\u00f3n Formaci\u00f3n de Futuros<\/a>. Die Nichtregierungsorganisation hat ihre B\u00fcros in der kolumbianischen Millionenstadt Santiago de Cali und wurde im Jahre 2003 von Tanya Manuell, einer Freiwilligen aus England, die 1998 in einem kolumbianischen Waisenheim gearbeitet hatte, gegr\u00fcndet. <\/p>\n\n\n\n<p>Manuells Initative galt den Jugendlichen, die in der Jugendhilfe aufwuchsen, nicht adoptiert wurden und mit der Vollj\u00e4hrigkeit vom Staat sich selbst \u00fcberlassen werden. Sie entwickelte ein p\u00e4dagogisches Pilotmodell zur Verselbstst\u00e4ndigung der Jugendlichen und zog mit einer Gruppe junger Careleaver in ein eigens angemietetes Haus in Cali ein. Das zweij\u00e4hrige Wohnprogramm Proyecto de Vida zur Erleichterung des \u00dcbergangs von der Jugendhilfe in die Eigenst\u00e4ndigkeit war geboren, von dem bis heute hunderte Careleaver profitiert haben. <\/p>\n\n\n\n<p>Das zus\u00e4tzlich gegr\u00fcndete Jugend- und Kulturzentrum Punto de Referencia zur Entwicklung neuer Jugendhilfekonzepte und zur St\u00e4rkung der Gemeinschaft der Careleaver und der Gesellschaft hat bereits mehr als 1500 Jugendliche erreichen k\u00f6nnen.<\/p>\n\n\n\n<h2>Die ASCEP <\/h2>\n\n\n\n<p>&#8222;ASCEP Asociaci\u00f3n Colombiana de Egreso de Protecci\u00f3n Estatal&#8220; steht f\u00fcr &#8222;Kolumbianischer Verband f\u00fcr Leaving Care&#8220;. Die Organisation wurde von jungen Careleavern aus Cali gegr\u00fcndet, die allesamt das Wohnprogramm Lebensprojekte der <a href=\"https:\/\/www.facebook.com\/fundacionformaciondfuturos\/?__cft__[0]=AZX7wtkqVx09NwpGEW90NMYVwu3uThYJekaBNL8Pmw8QLXmzhDDB4MNg8S31O35WR6nUi_52jIQ2rvk549XJbKxJay83e7SeBK77xe8GsLnhKD-NJ6rjNi3JdsUTOBh3eER0GCA1c5eKzzAgQusSIIMw&amp;__tn__=kK-R\">Fundaci\u00f3n Formaci\u00f3n de Futuros<\/a> durchlaufen haben. Ihnen selbst ist es nach ihrem Auszug aus der Jugendhilfe gelungen, ihre eigenen Lebensverh\u00e4ltnisse zu verbessern und selbst zu gestalten und wollen nun mit ihrem Engagement und ihren Erfahrungen die Auszugskonditionen f\u00fcr andere Careleaver verbessern und sie in ihrem \u00dcbergang aus dem staatlichen System in ein selbstbestimmtes Leben st\u00e4rken. <\/p>\n\n\n\n<p>Carereceiver, die noch in der Jugendhilfe leben werden von der ASCEP begleitet und beim Erwerb von Hard- und Softskills unterst\u00fctzt, die ihnen die Transition erleichtern sollen. Careleaver werden in verschiedenen Aktivit\u00e4ten mit sozialen und kommunikativen F\u00e4higkeiten ausgestattet und ermutigt und bef\u00e4higt F\u00fchrungspositionen im gesellschaftlichen Wandel einzunehmen und kulturelle F\u00f6rderInnen des Friedens zu werden, um so Beispiel und Vorbild zu sein, f\u00fcr die nachfolgende Generation von Careleavern.<\/p>\n","protected":false},"excerpt":{"rendered":"<p>Die Fundaci\u00f3n Formaci\u00f3n d&#8217;Futuros Unsere Partnerorganisation in Kolumbien ist die Fundaci\u00f3n Formaci\u00f3n de Futuros. Die Nichtregierungsorganisation hat ihre B\u00fcros in der kolumbianischen Millionenstadt Santiago de Cali und wurde im Jahre 2003 von Tanya Manuell, einer Freiwilligen aus England, die 1998 in einem kolumbianischen Waisenheim gearbeitet hatte, gegr\u00fcndet. Manuells Initative galt den Jugendlichen, die in der &hellip; <\/p>\n<p class=\"link-more\"><a href=\"https:\/\/fellowshipforfuture.org\/index.php\/unsere-partnerorganisationen\/\" class=\"more-link\"><span class=\"screen-reader-text\">\u201eUnsere Partnerorganisationen\u201c<\/span> weiterlesen<\/a><\/p>\n","protected":false},"author":1,"featured_media":0,"parent":0,"menu_order":0,"comment_status":"closed","ping_status":"closed","template":"","meta":[],"_links":{"self":[{"href":"https:\/\/fellowshipforfuture.org\/index.php\/wp-json\/wp\/v2\/pages\/43"}],"collection":[{"href":"https:\/\/fellowshipforfuture.org\/index.php\/wp-json\/wp\/v2\/pages"}],"about":[{"href":"https:\/\/fellowshipforfuture.org\/index.php\/wp-json\/wp\/v2\/types\/page"}],"author":[{"embeddable":true,"href":"https:\/\/fellowshipforfuture.org\/index.php\/wp-json\/wp\/v2\/users\/1"}],"replies":[{"embeddable":true,"href":"https:\/\/fellowshipforfuture.org\/index.php\/wp-json\/wp\/v2\/comments?post=43"}],"version-history":[{"count":6,"href":"https:\/\/fellowshipforfuture.org\/index.php\/wp-json\/wp\/v2\/pages\/43\/revisions"}],"predecessor-version":[{"id":128,"href":"https:\/\/fellowshipforfuture.org\/index.php\/wp-json\/wp\/v2\/pages\/43\/revisions\/128"}],"wp:attachment":[{"href":"https:\/\/fellowshipforfuture.org\/index.php\/wp-json\/wp\/v2\/media?parent=43"}],"curies":[{"name":"wp","href":"https:\/\/api.w.org\/{rel}","templated":true}]}}

<figure class="wp-block-gallery columns-2 is-cropped"><ul class="blocks-gallery-grid"><li class="blocks-gallery-item"><figure><img loading="lazy" width="960" height="960" src="https://fellowshipforfuture.org/wp-content/uploads/2020/11/Logo-ASCEP.png" alt="" data-id="28" data-full-url="https://fellowshipforfuture.org/wp-content/uploads/2020/11/Logo-ASCEP.png" data-link="https://fellowshipforfuture.org/logo-ascep/" class="wp-image-28" srcset="https://fellowshipforfuture.org/wp-content/uploads/2020/11/Logo-ASCEP.png 960w, https://fellowshipforfuture.org/wp-content/uploads/2020/11/Logo-ASCEP-300x300.png 300w, https://fellowshipforfuture.org/wp-content/uploads/2020/11/Logo-ASCEP-150x150.png 150w, https://fellowshipforfuture.org/wp-content/uploads/2020/11/Logo-ASCEP-768x768.png 768w, https://fellowshipforfuture.org/wp-content/uploads/2020/11/Logo-ASCEP-100x100.png 100w" sizes="(max-width: 706px) 89vw, (max-width: 767px) 82vw, 740px" /><figcaption class="blocks-gallery-item__caption"><a href="https://www.ascep.org/" target="_blank" rel="noreferrer noopener">ASCEP</a></figcaption></figure></li><li class="blocks-gallery-item"><figure><img loading="lazy" width="960" height="960" src="https://fellowshipforfuture.org/wp-content/uploads/2020/11/Logo-FFF.jpg" alt="" data-id="27" data-full-url="https://fellowshipforfuture.org/wp-content/uploads/2020/11/Logo-FFF.jpg" data-link="https://fellowshipforfuture.org/logo-fff/" class="wp-image-27" srcset="https://fellowshipforfuture.org/wp-content/uploads/2020/11/Logo-FFF.jpg 960w, https://fellowshipforfuture.org/wp-content/uploads/2020/11/Logo-FFF-300x300.jpg 300w, https://fellowshipforfuture.org/wp-content/uploads/2020/11/Logo-FFF-150x150.jpg 150w, https://fellowshipforfuture.org/wp-content/uploads/2020/11/Logo-FFF-768x768.jpg 768w, https://fellowshipforfuture.org/wp-content/uploads/2020/11/Logo-FFF-100x100.jpg 100w" sizes="(max-width: 706px) 89vw, (max-width: 767px) 82vw, 740px" /><figcaption class="blocks-gallery-item__caption"><a href="https://www.fffcali.org/" data-type="URL" data-id="https://www.fffcali.org/" target="_blank" rel="noreferrer noopener">Fundación Formación d&#8217;Futuros</a></figcaption></figure></li></ul></figure>



<h2>Die Fundación Formación d&#8217;Futuros</h2>



<p>Unsere Partnerorganisation in Kolumbien ist die <a href="https://www.facebook.com/fundacionformaciondfuturos/?__cft__[0]=AZVS7l6PPVB25gRJ4usOl61HCvHiASni9OK9Pdk7_aJWf1IJYlxmjiqJlpX5kb5db667obWXdX6969ztjxMr9nxeg6MYk6Egiv-Y3V2HBwJHyk5mlizwLUwD8-RsSgDKJxXQMPfO86FBK-LVl4Sywcnc&amp;__tn__=kK-R">Fundación Formación de Futuros</a>. Die Nichtregierungsorganisation hat ihre Büros in der kolumbianischen Millionenstadt Santiago de Cali und wurde im Jahre 2003 von Tanya Manuell, einer Freiwilligen aus England, die 1998 in einem kolumbianischen Waisenheim gearbeitet hatte, gegründet. </p>



<p>Manuells Initative galt den Jugendlichen, die in der Jugendhilfe aufwuchsen, nicht adoptiert wurden und mit der Volljährigkeit vom Staat sich selbst überlassen werden. Sie entwickelte ein pädagogisches Pilotmodell zur Verselbstständigung der Jugendlichen und zog mit einer Gruppe junger Careleaver in ein eigens angemietetes Haus in Cali ein. Das zweijährige Wohnprogramm Proyecto de Vida zur Erleichterung des Übergangs von der Jugendhilfe in die Eigenständigkeit war geboren, von dem bis heute hunderte Careleaver profitiert haben. </p>



<p>Das zusätzlich gegründete Jugend- und Kulturzentrum Punto de Referencia zur Entwicklung neuer Jugendhilfekonzepte und zur Stärkung der Gemeinschaft der Careleaver und der Gesellschaft hat bereits mehr als 1500 Jugendliche erreichen können.</p>



<h2>Die ASCEP </h2>



<p>&#8222;ASCEP Asociación Colombiana de Egreso de Protección Estatal&#8220; steht für &#8222;Kolumbianischer Verband für Leaving Care&#8220;. Die Organisation wurde von jungen Careleavern aus Cali gegründet, die allesamt das Wohnprogramm Lebensprojekte der <a href="https://www.facebook.com/fundacionformaciondfuturos/?__cft__[0]=AZX7wtkqVx09NwpGEW90NMYVwu3uThYJekaBNL8Pmw8QLXmzhDDB4MNg8S31O35WR6nUi_52jIQ2rvk549XJbKxJay83e7SeBK77xe8GsLnhKD-NJ6rjNi3JdsUTOBh3eER0GCA1c5eKzzAgQusSIIMw&amp;__tn__=kK-R">Fundación Formación de Futuros</a> durchlaufen haben. Ihnen selbst ist es nach ihrem Auszug aus der Jugendhilfe gelungen, ihre eigenen Lebensverhältnisse zu verbessern und selbst zu gestalten und wollen nun mit ihrem Engagement und ihren Erfahrungen die Auszugskonditionen für andere Careleaver verbessern und sie in ihrem Übergang aus dem staatlichen System in ein selbstbestimmtes Leben stärken. </p>



<p>Carereceiver, die noch in der Jugendhilfe leben werden von der ASCEP begleitet und beim Erwerb von Hard- und Softskills unterstützt, die ihnen die Transition erleichtern sollen. Careleaver werden in verschiedenen Aktivitäten mit sozialen und kommunikativen Fähigkeiten ausgestattet und ermutigt und befähigt Führungspositionen im gesellschaftlichen Wandel einzunehmen und kulturelle FörderInnen des Friedens zu werden, um so Beispiel und Vorbild zu sein, für die nachfolgende Generation von Careleavern.</p>

<p>Die Fundación Formación d&#8217;Futuros Unsere Partnerorganisation in Kolumbien ist die Fundación Formación de Futuros. Die Nichtregierungsorganisation hat ihre Büros in der kolumbianischen Millionenstadt Santiago de Cali und wurde im Jahre 2003 von Tanya Manuell, einer Freiwilligen aus England, die 1998 in einem kolumbianischen Waisenheim gearbeitet hatte, gegründet. Manuells Initative galt den Jugendlichen, die in der &hellip; </p>
<p class="link-more"><a href="https://fellowshipforfuture.org/index.php/unsere-partnerorganisationen/" class="more-link"><span class="screen-reader-text">„Unsere Partnerorganisationen“</span> weiterlesen</a></p>
